h + 3 + 17 = 0. Let k = 9 + h. Suppose k*j - 5 = 0, -3*w + j + 24 = 2*w. What is the remainder when 13 is divided by w?
3
Let j(n) be the first derivative of -2*n**3/3 + 3*n**2/2 - 2*n - 4. Let d be j(2). Calculate the remainder when -2*(30/d - 1) is divided by 6.
5
Calculate the remainder when 7 is divided by 2 - (-3)/(6/2).
1
Let s(p) = 6*p**2 - 2*p - 4. Let r(y) = -7*y**2 + 2*y + 4. Let b(c) = 5*r(c) + 6*s(c). Calculate the remainder when 19 is divided by b(-3).
8
Let i(c) = -17*c + 5. What is the remainder when i(-3) is divided by 15?
11
Let c be (-2)/7 - (-4)/14. Calculate the remainder when 29 is divided by -30*2/(-4) + c.
14
Let k(t) = -t**3 - 6*t**2 - t + 6. Let j(h) = -h**2 + 11*h + 12. Let z be j(12). Suppose z = 2*p - 5 + 17. Calculate the remainder when 22 is divided by k(p).
10
Suppose 18 = s - 0*s. Calculate the remainder when s is divided by 7.
4
Suppose 5*a + k - 540 = -4*k, 3*a - 322 = -5*k. What is the remainder when a is divided by 11?
10
Let r = -23 - -26. Calculate the remainder when 12 is divided by r.
0
Let m be 1/((-2)/40*-2). Suppose -g - 4*k + 10 = 0, -3*g = -4*g - 5*k + m. Suppose -2*j + 90 = 3*j. Calculate the remainder when j is divided by g.
8
Suppose 0 = 2*j + j - 4*h - 84, 33 = 2*j + 5*h. Calculate the remainder when 142 is divided by j.
22
Calculate the remainder when 13 is divided by 3/(-2)*(-64)/12.
5
Let u(q) = -q**3 - q - 2. Let g = 5 - 7. What is the remainder when 29 is divided by u(g)?
5
Let p(g) = -8*g + 1. Let w be p(-1). Suppose x + w = l, 5*l - 27 = -0*l - 4*x. What is the remainder when l is divided by 3?
1
Let g = 25 + 1. What is the remainder when 74 is divided by g?
22
Suppose -5*a = -t - 13, 3*a + 3*t = a + 12. Suppose 0 = -2*w - 4, -w + 5 + 2 = 3*z. Calculate the remainder when a is divided by z.
0
Let o(b) = -b**2 + 8*b - 5. Let l be o(7). Suppose -4*s = 2*u - 92 - 86, -s - l*u = -37. Calculate the remainder when s is divided by 16.
15
Suppose 149 = 2*a - 57. Suppose -3 = 4*v - a. Calculate the remainder when v is divided by 9.
7
Let o = 3 + 7. Calculate the remainder when 37 is divided by o.
7
Let k(b) = -27*b - 6. Calculate the remainder when k(-4) is divided by 26.
24
Let p(k) = -k**3 - 8*k**2 - 5*k - 8. Calculate the remainder when 126 is divided by p(-8).
30
Let w(l) = 8*l**3. Let j(q) = q**3 + 4*q**2 + 1. Let u be j(-4). Suppose 165 = 4*b + 41. Calculate the remainder when b is divided by w(u).
7
Suppose -3*p + 2*p - 2*w = 2, 5*p - 30 = -2*w. What is the remainder when 31 is divided by p?
7
Suppose 7*o = 10*o - 9. Suppose -c = -o*c + 90. What is the remainder when c is divided by 23?
22
Let n = -14 + 81. Let x = 54 - 31. What is the remainder when n is divided by x?
21
Suppose 3*a + 4*t = -22, 5*a + 4*t = -t - 40. Let r = a - -20. What is the remainder when 29 is divided by r?
9
Let f(q) = 14*q**2. Let d be f(-3). Calculate the remainder when d/12 + (-1)/(-2) is divided by 7.
4
Let g(v) = 39*v + 3. Calculate the remainder when g(2) is divided by 21.
18
Let m(g) = 56*g + 10. Calculate the remainder when 461 is divided by m(1).
65
Let x = 65 - 11. Suppose j + 3*z + 3 = 0, 2*j + 1 = -z - 0*z. Suppose 5*u = -j*w - 2*w + x, -16 = -4*u. What is the remainder when w is divided by 6?
5
Let u(q) = 28*q**3 + q**2 - q + 1. Let k = 34 + -21. Suppose -26 = -2*j - z, 16 + k = 3*j + 4*z. What is the remainder when u(1) is divided by j?
14
Suppose r - 3*f - 22 = 0, r - 6*r = -2*f - 58. What is the remainder when 39 is divided by r?
9
Suppose -3*z = -4*s + 195, 2*z = s - 5 - 50. Calculate the remainder when s is divided by 23.
22
Suppose -1 = v - 5*b + 1, 2*v + 2*b - 32 = 0. What is the remainder when 25 is divided by v?
12
Let f(a) = -a**3 + a**2 + 3. Let i be f(0). Suppose -c - 3*c = -v - 55, 3*c + i*v - 45 = 0. What is the remainder when 40 is divided by c?
12
Let i(d) = -d**2 + 11*d + 13. What is the remainder when 25 is divided by i(11)?
12
Calculate the remainder when -21*(32/(-12) - 4) is divided by 24.
20
Let l(d) = -10*d - 7. Suppose v + 16 = -5*i, -4*v = -4*i - 0 - 8. Let s(o) = -o + 8. What is the remainder when l(i) is divided by s(0)?
7
Let f(x) = -7*x + 3. Let h be f(-9). Let j be 3/((-3)/2) + h. Suppose 5*y = 46 + j. What is the remainder when y is divided by 8?
6
Let w = -51 + 91. What is the remainder when 198 is divided by w?
38
Let h(o) = 2*o + 54. Calculate the remainder when h(-15) is divided by 9.
6
Suppose 0 = g + s + 85, 0*g + 3*g - 3*s = -273. What is the remainder when 42 is divided by g/(-6)*3/2?
20
Suppose 2*p + 0*p + 4 = 0. Let h be -3 - (6/p + 41). Let j = -29 - h. Calculate the remainder when 23 is divided by j.
11
Let f(c) = c**3 - 8*c**2 - 7*c + 17. Let y(d) = d**2 - 3*d - 6. Calculate the remainder when f(9) is divided by y(6).
11
Let c = 803 + -554. What is the remainder when 1*(-1)/(-1) + 29 is divided by 6/(-10) - c/(-15)?
14
Suppose 0 = -3*a - 1 + 7. Let g(l) = 6*l + 1 + 4 - 3 + l**2. Calculate the remainder when g(-6) is divided by a.
0
Suppose 2*l - 22 = -5*r, 0 = 4*l - 2*r - r - 18. Calculate the remainder when 54 is divided by ((-21)/l)/(3/(-12)).
12
Suppose -4*b + 10 = -z, 4*z + 6 = 2*b - 20. What is the remainder when (-554)/(-10) - z/(-15) is divided by 14?
13
Let b = 257 - 120. Suppose 0 = 5*r - b + 27. Let i(g) = -g**3 - 2*g**2 - 1. What is the remainder when r is divided by i(-3)?
6
What is the remainder when 40 is divided by 3/4 - 2040/(-96)?
18
Calculate the remainder when 85 is divided by (-22)/(-1)*(7 + -6).
19
Suppose -1 + 7 = -3*a, -4*i - 2*a = -36. What is the remainder when 18 is divided by i?
8
Let v = 16 + 0. Calculate the remainder when 31 is divided by v.
15
Let x(q) = -2*q**3 - 3*q**2 + 2. Let f be (-2)/5 - 9/15. What is the remainder when (35/14)/(f/(-4)) is divided by x(-2)?
4
Suppose -f - 21 + 0 = -2*t, 5*f + 25 = 0. Suppose 3*w = 4*m + w - 84, w + 84 = 4*m. What is the remainder when m is divided by t?
5
Let x = 5 - -1. Suppose -3*o + x*o = -5*d + 533, -3*d = 4*o - 311. Calculate the remainder when d is divided by 28.
25
Suppose -1 = 2*t - 5. Suppose 0*k + 112 = t*k. Let r = -16 - -35. What is the remainder when k is divided by r?
18
Suppose 0 = 3*o - 4*o + 18. Calculate the remainder when 32 is divided by o.
14
Suppose -6*h = -3*h - g + 1, -2*h - 5*g + 22 = 0. What is the remainder when (1 + 3 + -3)*1 is divided by h?
0
Suppose -13 - 12 = 5*k. Let d = 10 + k. Let m = d - 4. Calculate the remainder when m is divided by 1.
0
Suppose -4*a + 138 = -2*a. Calculate the remainder when a is divided by 14.
13
Let i be (54/(-15))/(2/10). Calculate the remainder when 10 is divided by 16/12*i/(-4).
4
Suppose 9*v = 7*v - x + 145, -4*x = 20. What is the remainder when v is divided by 20?
15
Let u(i) = -34*i - 33*i + 26*i. What is the remainder when u(-1) is divided by 11?
8
Suppose 2*y - 1 = -5. Calculate the remainder when 17/(3/((-9)/(-3))) is divided by (-57)/(-6) + y/4.
8
Suppose -2*z - 5*d - 12 = -d, z + d + 3 = 0. Let y be 17 + 0 + (z - 3). Calculate the remainder when 598/y - 2/(-7) is divided by 11.
10
Let s(q) be the third derivative of 0 + 0*q + 2*q**2 - 1/4*q**4 + 1/60*q**5 - 1/2*q**3. Calculate the remainder when 24 is divided by s(8).
11
Suppose 0 = q - 2, -15 = 3*t + 3*q - 0*q. Let m(n) = -2*n + 3*n - 7 - 4*n. What is the remainder when m(t) is divided by 5?
4
Let u(j) = -4*j**2 + j + 2. Let k be u(-1). Let l(w) = w**2 + 14. Calculate the remainder when (-163)/(-4) + k/4 is divided by l(0).
12
Let d = 26 + -20. Calculate the remainder when 15 is divided by d.
3
Let a be (-2)/8 + (-102)/(-24). Suppose -a = -2*t - 0. Suppose -4*d = -t*d - 42. Calculate the remainder when d is divided by 11.
10
Let k = 85 + 39. Calculate the remainder when k is divided by 32.
28
Let m(w) = 3*w**2 - 4*w. Let j = -2 - -5. Calculate the remainder when 29 is divided by m(j).
14
Calculate the remainder when 2/4*3/(-3)*-120 is divided by 21.
18
Let d = 28 + -41. Suppose 25 = t - 0*c + c, 2*t + 3*c = 54. Let l = t + d. Calculate the remainder when 13 is divided by l.
5
Let j be (174/15)/((-2)/(-20)). Suppose -l - l = -j. Calculate the remainder when l is divided by 20.
18
Suppose 113 = 3*u + 6*v - 2*v, 5*u + 4*v - 183 = 0. Suppose -14 = -3*b + b + 4*t, 0 = 4*b - t - u. What is the remainder when 16 is divided by b?
7
Suppose 0 = 4*y + h - 15, -18 = -5*y - h - h